{"id":2,"date":"2024-08-05T23:40:41","date_gmt":"2024-08-05T23:40:41","guid":{"rendered":"https:\/\/grupovalpi.com\/?page_id=2"},"modified":"2024-08-14T21:42:49","modified_gmt":"2024-08-14T21:42:49","slug":"sample-page","status":"publish","type":"page","link":"https:\/\/grupovalpi.com\/","title":{"rendered":"Grupo Valpi"},"content":{"rendered":"\t\t<div data-elementor-type=\"wp-page\" data-elementor-id=\"2\" class=\"elementor elementor-2\">\n\t\t\t\t<div class=\"elementor-element elementor-element-1ef7996 e-flex e-con-boxed e-con e-parent\" data-id=\"1ef7996\" data-element_type=\"container\">\n\t\t\t\t\t<div class=\"e-con-inner\">\n\t\t\t\t<div class=\"elementor-element elementor-element-2727d45 elementor-widget elementor-widget-spacer\" data-id=\"2727d45\" data-element_type=\"widget\" data-widget_type=\"spacer.default\">\n\t\t\t\t<div class=\"elementor-widget-container\">\n\t\t\t\t\t\t\t<div class=\"elementor-spacer\">\n\t\t\t<div class=\"elementor-spacer-inner\"><\/div>\n\t\t<\/div>\n\t\t\t\t\t\t<\/div>\n\t\t\t\t<\/div>\n\t\t\t\t\t<\/div>\n\t\t\t\t<\/div>\n\t\t<div class=\"elementor-element elementor-element-474b3dd e-con-full e-flex e-con e-parent\" data-id=\"474b3dd\" data-element_type=\"container\" data-settings=\"{&quot;background_background&quot;:&quot;classic&quot;}\">\n\t\t<div class=\"elementor-element elementor-element-6685752 e-con-full e-flex e-con e-child\" data-id=\"6685752\" data-element_type=\"container\">\n\t\t<div class=\"elementor-element elementor-element-40ec4b9 e-con-full e-flex e-con e-child\" data-id=\"40ec4b9\" data-element_type=\"container\">\n\t\t\t\t<div class=\"elementor-element elementor-element-b20c60c elementor-widget elementor-widget-heading\" data-id=\"b20c60c\" data-element_type=\"widget\" data-widget_type=\"heading.default\">\n\t\t\t\t<div class=\"elementor-widget-container\">\n\t\t\t\t\t<h2 class=\"elementor-heading-title elementor-size-default\">Somos tu mejor opci\u00f3n<\/h2>\t\t\t\t<\/div>\n\t\t\t\t<\/div>\n\t\t\t\t<\/div>\n\t\t<div class=\"elementor-element elementor-element-84e37cc e-con-full elementor-hidden-mobile e-flex e-con e-child\" data-id=\"84e37cc\" data-element_type=\"container\">\n\t\t\t\t<\/div>\n\t\t\t\t<\/div>\n\t\t<div class=\"elementor-element elementor-element-90842aa e-con-full e-flex e-con e-child\" data-id=\"90842aa\" data-element_type=\"container\">\n\t\t<div class=\"elementor-element elementor-element-0b62e1c e-con-full e-flex e-con e-child\" data-id=\"0b62e1c\" data-element_type=\"container\">\n\t\t\t\t<div class=\"elementor-element elementor-element-db1e784 elementor-widget elementor-widget-image\" data-id=\"db1e784\" data-element_type=\"widget\" data-widget_type=\"image.default\">\n\t\t\t\t<div class=\"elementor-widget-container\">\n\t\t\t\t\t\t\t\t\t\t\t\t\t\t\t\t<a href=\"http:\/\/www.ctyt.com.mx\">\n\t\t\t\t\t\t\t<img fetchpriority=\"high\" decoding=\"async\" width=\"547\" height=\"164\" src=\"https:\/\/grupovalpi.com\/wp-content\/uploads\/2024\/08\/logo12.png\" class=\"attachment-large size-large wp-image-24\" alt=\"\" srcset=\"https:\/\/grupovalpi.com\/wp-content\/uploads\/2024\/08\/logo12.png 547w, https:\/\/grupovalpi.com\/wp-content\/uploads\/2024\/08\/logo12-300x90.png 300w\" sizes=\"(max-width: 547px) 100vw, 547px\" \/>\t\t\t\t\t\t\t\t<\/a>\n\t\t\t\t\t\t\t\t\t\t\t\t\t\t\t<\/div>\n\t\t\t\t<\/div>\n\t\t\t\t<\/div>\n\t\t<div class=\"elementor-element elementor-element-cb2c8ea e-con-full e-flex e-con e-child\" data-id=\"cb2c8ea\" data-element_type=\"container\">\n\t\t\t\t<div class=\"elementor-element elementor-element-f7a5c14 elementor-widget elementor-widget-image\" data-id=\"f7a5c14\" data-element_type=\"widget\" data-widget_type=\"image.default\">\n\t\t\t\t<div class=\"elementor-widget-container\">\n\t\t\t\t\t\t\t\t\t\t\t\t\t\t\t\t<a href=\"http:\/\/trascenda.com\">\n\t\t\t\t\t\t\t<img decoding=\"async\" width=\"547\" height=\"164\" src=\"https:\/\/grupovalpi.com\/wp-content\/uploads\/2024\/08\/MOCK_GRUPOVALPI_0016_Rectangulo-redondeado-2-copia-copia.png\" class=\"attachment-large size-large wp-image-25\" alt=\"\" srcset=\"https:\/\/grupovalpi.com\/wp-content\/uploads\/2024\/08\/MOCK_GRUPOVALPI_0016_Rectangulo-redondeado-2-copia-copia.png 547w, https:\/\/grupovalpi.com\/wp-content\/uploads\/2024\/08\/MOCK_GRUPOVALPI_0016_Rectangulo-redondeado-2-copia-copia-300x90.png 300w\" sizes=\"(max-width: 547px) 100vw, 547px\" \/>\t\t\t\t\t\t\t\t<\/a>\n\t\t\t\t\t\t\t\t\t\t\t\t\t\t\t<\/div>\n\t\t\t\t<\/div>\n\t\t\t\t<\/div>\n\t\t<div class=\"elementor-element elementor-element-53a0bc8 e-con-full e-flex e-con e-child\" data-id=\"53a0bc8\" data-element_type=\"container\">\n\t\t\t\t<div class=\"elementor-element elementor-element-5304b65 elementor-widget elementor-widget-image\" data-id=\"5304b65\" data-element_type=\"widget\" data-widget_type=\"image.default\">\n\t\t\t\t<div class=\"elementor-widget-container\">\n\t\t\t\t\t\t\t\t\t\t\t\t\t\t\t\t<a href=\"https:\/\/clean-mart.com.mx\">\n\t\t\t\t\t\t\t<img decoding=\"async\" width=\"547\" height=\"164\" src=\"https:\/\/grupovalpi.com\/wp-content\/uploads\/2024\/08\/clean.png\" class=\"attachment-large size-large wp-image-23\" alt=\"\" srcset=\"https:\/\/grupovalpi.com\/wp-content\/uploads\/2024\/08\/clean.png 547w, https:\/\/grupovalpi.com\/wp-content\/uploads\/2024\/08\/clean-300x90.png 300w\" sizes=\"(max-width: 547px) 100vw, 547px\" \/>\t\t\t\t\t\t\t\t<\/a>\n\t\t\t\t\t\t\t\t\t\t\t\t\t\t\t<\/div>\n\t\t\t\t<\/div>\n\t\t\t\t<\/div>\n\t\t\t\t<\/div>\n\t\t\t\t<\/div>\n\t\t<div class=\"elementor-element elementor-element-0d432f5 e-flex e-con-boxed e-con e-parent\" data-id=\"0d432f5\" data-element_type=\"container\">\n\t\t\t\t\t<div class=\"e-con-inner\">\n\t\t\t\t<div class=\"elementor-element elementor-element-3d83720 elementor-widget elementor-widget-spacer\" data-id=\"3d83720\" data-element_type=\"widget\" data-widget_type=\"spacer.default\">\n\t\t\t\t<div class=\"elementor-widget-container\">\n\t\t\t\t\t\t\t<div class=\"elementor-spacer\">\n\t\t\t<div class=\"elementor-spacer-inner\"><\/div>\n\t\t<\/div>\n\t\t\t\t\t\t<\/div>\n\t\t\t\t<\/div>\n\t\t\t\t\t<\/div>\n\t\t\t\t<\/div>\n\t\t<div class=\"elementor-element elementor-element-9e584a3 e-con-full e-flex e-con e-parent\" data-id=\"9e584a3\" data-element_type=\"container\">\n\t\t<div class=\"elementor-element elementor-element-5a74d43 e-con-full e-flex e-con e-child\" data-id=\"5a74d43\" data-element_type=\"container\">\n\t\t\t\t<div class=\"elementor-element elementor-element-f1a5eea elementor-widget elementor-widget-heading\" data-id=\"f1a5eea\" data-element_type=\"widget\" data-widget_type=\"heading.default\">\n\t\t\t\t<div class=\"elementor-widget-container\">\n\t\t\t\t\t<h2 class=\"elementor-heading-title elementor-size-default\">Quienes somos<\/h2>\t\t\t\t<\/div>\n\t\t\t\t<\/div>\n\t\t\t\t<div class=\"elementor-element elementor-element-11474dd elementor-widget elementor-widget-button\" data-id=\"11474dd\" data-element_type=\"widget\" data-widget_type=\"button.default\">\n\t\t\t\t<div class=\"elementor-widget-container\">\n\t\t\t\t\t\t\t\t\t<div class=\"elementor-button-wrapper\">\n\t\t\t\t\t<a class=\"elementor-button elementor-button-link elementor-size-sm\" href=\"#\">\n\t\t\t\t\t\t<span class=\"elementor-button-content-wrapper\">\n\t\t\t\t\t\t\t\t\t<span class=\"elementor-button-text\">Ver m\u00e1s<\/span>\n\t\t\t\t\t<\/span>\n\t\t\t\t\t<\/a>\n\t\t\t\t<\/div>\n\t\t\t\t\t\t\t\t<\/div>\n\t\t\t\t<\/div>\n\t\t\t\t<\/div>\n\t\t<div class=\"elementor-element elementor-element-a44727e e-con-full e-flex e-con e-child\" data-id=\"a44727e\" data-element_type=\"container\">\n\t\t\t\t<div class=\"elementor-element elementor-element-2666362 elementor-widget elementor-widget-text-editor\" data-id=\"2666362\" data-element_type=\"widget\" data-widget_type=\"text-editor.default\">\n\t\t\t\t<div class=\"elementor-widget-container\">\n\t\t\t\t\t\t\t\t\t<p>Grupo Valpi-Caral es un grupo empresarial y de inversi\u00f3n y de inversi\u00f3n 100% mexicano enfocado en diversos sectores como son el inmobiliario, la construcci\u00f3n, tecnolog\u00eda y servicios.<\/p><p>Comprometidos con M\u00e9xico buscamos proyectos de inversi\u00f3n con equipos innovadores\u00a0 para sumarnos a su esfuerzo por el desarrollo del pa\u00eds.<\/p><p>Ubicados en la ciudad de Quer\u00e9taro, pero atendiendo clientes en diversos Estados de la Rep\u00fablica Mexicana e incluso en el extranjero.<\/p><p>Nuestra filosof\u00eda empresarial est\u00e1 siempre orientada a la m\u00e1xima satisfacci\u00f3n\u00a0 de nuestros clientes gracias a unos altos est\u00e1ndares de calidad y servicio.<\/p>\t\t\t\t\t\t\t\t<\/div>\n\t\t\t\t<\/div>\n\t\t\t\t<\/div>\n\t\t\t\t<\/div>\n\t\t<div class=\"elementor-element elementor-element-5ba6f18 e-flex e-con-boxed e-con e-parent\" data-id=\"5ba6f18\" data-element_type=\"container\" id=\"contacto\">\n\t\t\t\t\t<div class=\"e-con-inner\">\n\t\t\t\t<div class=\"elementor-element elementor-element-4c13fe3 elementor-widget elementor-widget-spacer\" data-id=\"4c13fe3\" data-element_type=\"widget\" data-widget_type=\"spacer.default\">\n\t\t\t\t<div class=\"elementor-widget-container\">\n\t\t\t\t\t\t\t<div class=\"elementor-spacer\">\n\t\t\t<div class=\"elementor-spacer-inner\"><\/div>\n\t\t<\/div>\n\t\t\t\t\t\t<\/div>\n\t\t\t\t<\/div>\n\t\t<div class=\"elementor-element elementor-element-9c5cee7 e-con-full e-flex e-con e-child\" data-id=\"9c5cee7\" data-element_type=\"container\">\n\t\t\t\t<div class=\"elementor-element elementor-element-408dd03 elementor-widget elementor-widget-shortcode\" data-id=\"408dd03\" data-element_type=\"widget\" data-widget_type=\"shortcode.default\">\n\t\t\t\t<div class=\"elementor-widget-container\">\n\t\t\t\t\t\t\t<div class=\"elementor-shortcode\"><div class=\"wpforms-container wpforms-container-full wpforms-render-modern\" id=\"wpforms-174\"><form id=\"wpforms-form-174\" class=\"wpforms-validate wpforms-form wpforms-ajax-form\" data-formid=\"174\" method=\"post\" enctype=\"multipart\/form-data\" action=\"\/index.php\/wp-json\/wp\/v2\/pages\/2\" data-token=\"2794e2c1e466efb74fddbf74f9aa58db\" data-token-time=\"1776596963\"><noscript class=\"wpforms-error-noscript\">Por favor, activa JavaScript en tu navegador para completar este formulario.<\/noscript><div class=\"wpforms-hidden\" id=\"wpforms-error-noscript\">Por favor, activa JavaScript en tu navegador para completar este formulario.<\/div><div class=\"wpforms-field-container\"><div id=\"wpforms-174-field_0-container\" class=\"wpforms-field wpforms-field-name\" data-field-id=\"0\"><fieldset><legend class=\"wpforms-field-label\">Nombre <span class=\"wpforms-required-label\" aria-hidden=\"true\">*<\/span><\/legend><div class=\"wpforms-field-row wpforms-field-large\"><div class=\"wpforms-field-row-block wpforms-first wpforms-one-half\"><input type=\"text\" id=\"wpforms-174-field_0\" class=\"wpforms-field-name-first wpforms-field-required\" name=\"wpforms[fields][0][first]\" placeholder=\"Nombre\" aria-errormessage=\"wpforms-174-field_0-error\" required><label for=\"wpforms-174-field_0\" class=\"wpforms-field-sublabel after\">Nombre<\/label><\/div><div class=\"wpforms-field-row-block wpforms-one-half\"><input type=\"text\" id=\"wpforms-174-field_0-last\" class=\"wpforms-field-name-last wpforms-field-required\" name=\"wpforms[fields][0][last]\" placeholder=\"Apellido\" aria-errormessage=\"wpforms-174-field_0-last-error\" required><label for=\"wpforms-174-field_0-last\" class=\"wpforms-field-sublabel after\">Apellidos<\/label><\/div><\/div><\/fieldset><\/div><div id=\"wpforms-174-field_1-container\" class=\"wpforms-field wpforms-field-email\" data-field-id=\"1\"><label class=\"wpforms-field-label\" for=\"wpforms-174-field_1\">Correo <span class=\"wpforms-required-label\" aria-hidden=\"true\">*<\/span><\/label><input type=\"email\" id=\"wpforms-174-field_1\" class=\"wpforms-field-large wpforms-field-required\" name=\"wpforms[fields][1]\" placeholder=\"Email\" spellcheck=\"false\" aria-errormessage=\"wpforms-174-field_1-error\" required><\/div><div id=\"wpforms-174-field_3-container\" class=\"wpforms-field wpforms-field-number\" data-field-id=\"3\"><label class=\"wpforms-field-label\" for=\"wpforms-174-field_3\">Tel\u00e9fono<\/label><input type=\"number\" id=\"wpforms-174-field_3\" class=\"wpforms-field-large\" name=\"wpforms[fields][3]\" placeholder=\"Tel\u00e9fono\" step=\"any\" aria-errormessage=\"wpforms-174-field_3-error\" ><\/div><div id=\"wpforms-174-field_4-container\" class=\"wpforms-field wpforms-field-text\" data-field-id=\"4\"><label class=\"wpforms-field-label\" for=\"wpforms-174-field_4\">Asunto<\/label><input type=\"text\" id=\"wpforms-174-field_4\" class=\"wpforms-field-large\" name=\"wpforms[fields][4]\" placeholder=\"Asunto\" aria-errormessage=\"wpforms-174-field_4-error\" ><\/div><div id=\"wpforms-174-field_2-container\" class=\"wpforms-field wpforms-field-textarea\" data-field-id=\"2\"><label class=\"wpforms-field-label\" for=\"wpforms-174-field_2\">Mensaje<\/label><textarea id=\"wpforms-174-field_2\" class=\"wpforms-field-large\" name=\"wpforms[fields][2]\" placeholder=\"Mensaje\" aria-errormessage=\"wpforms-174-field_2-error\" ><\/textarea><\/div><\/div><!-- .wpforms-field-container --><div class=\"wpforms-submit-container\" ><input type=\"hidden\" name=\"wpforms[id]\" value=\"174\"><input type=\"hidden\" name=\"page_title\" value=\"\"><input type=\"hidden\" name=\"page_url\" value=\"https:\/\/grupovalpi.com\/index.php\/wp-json\/wp\/v2\/pages\/2\"><input type=\"hidden\" name=\"url_referer\" value=\"\"><button type=\"submit\" name=\"wpforms[submit]\" id=\"wpforms-submit-174\" class=\"wpforms-submit\" data-alt-text=\"Enviando...\" data-submit-text=\"Enviar mensaje\" aria-live=\"assertive\" value=\"wpforms-submit\">Enviar mensaje<\/button><img loading=\"lazy\" decoding=\"async\" src=\"https:\/\/grupovalpi.com\/wp-content\/plugins\/wpforms-lite\/assets\/images\/submit-spin.svg\" class=\"wpforms-submit-spinner\" style=\"display: none;\" width=\"26\" height=\"26\" alt=\"Cargando\"><\/div><\/form><\/div>  <!-- .wpforms-container --><\/div>\n\t\t\t\t\t\t<\/div>\n\t\t\t\t<\/div>\n\t\t\t\t<\/div>\n\t\t\t\t\t<\/div>\n\t\t\t\t<\/div>\n\t\t\t\t<\/div>\n\t\t","protected":false},"excerpt":{"rendered":"<p>Somos tu mejor opci\u00f3n Quienes somos Ver m\u00e1s Grupo Valpi-Caral es un grupo empresarial y de inversi\u00f3n y de inversi\u00f3n 100% mexicano enfocado en diversos sectores como son el inmobiliario, la construcci\u00f3n, tecnolog\u00eda y servicios. Comprometidos con M\u00e9xico buscamos proyectos de inversi\u00f3n con equipos innovadores\u00a0 para sumarnos a su esfuerzo por el desarrollo del pa\u00eds. [&hellip;]<\/p>\n","protected":false},"author":1,"featured_media":0,"parent":0,"menu_order":0,"comment_status":"closed","ping_status":"closed","template":"","meta":{"footnotes":""},"class_list":["post-2","page","type-page","status-publish","hentry"],"yoast_head":"<!-- This site is optimized with the Yoast SEO plugin v25.2 - https:\/\/yoast.com\/wordpress\/plugins\/seo\/ -->\n<title>Grupo Valpi - Grupo Valpi<\/title>\n<meta name=\"robots\" content=\"index, follow, max-snippet:-1, max-image-preview:large, max-video-preview:-1\" \/>\n<link rel=\"canonical\" href=\"https:\/\/grupovalpi.com\/\" \/>\n<meta property=\"og:locale\" content=\"es_ES\" \/>\n<meta property=\"og:type\" content=\"article\" \/>\n<meta property=\"og:title\" content=\"Grupo Valpi - Grupo Valpi\" \/>\n<meta property=\"og:description\" content=\"Somos tu mejor opci\u00f3n Quienes somos Ver m\u00e1s Grupo Valpi-Caral es un grupo empresarial y de inversi\u00f3n y de inversi\u00f3n 100% mexicano enfocado en diversos sectores como son el inmobiliario, la construcci\u00f3n, tecnolog\u00eda y servicios. Comprometidos con M\u00e9xico buscamos proyectos de inversi\u00f3n con equipos innovadores\u00a0 para sumarnos a su esfuerzo por el desarrollo del pa\u00eds. [&hellip;]\" \/>\n<meta property=\"og:url\" content=\"https:\/\/grupovalpi.com\/\" \/>\n<meta property=\"og:site_name\" content=\"Grupo Valpi\" \/>\n<meta property=\"article:modified_time\" content=\"2024-08-14T21:42:49+00:00\" \/>\n<meta property=\"og:image\" content=\"https:\/\/grupovalpi.com\/wp-content\/uploads\/2024\/08\/logo12.png\" \/>\n<meta name=\"twitter:card\" content=\"summary_large_image\" \/>\n<meta name=\"twitter:label1\" content=\"Tiempo de lectura\" \/>\n\t<meta name=\"twitter:data1\" content=\"2 minutos\" \/>\n<script type=\"application\/ld+json\" class=\"yoast-schema-graph\">{\"@context\":\"https:\/\/schema.org\",\"@graph\":[{\"@type\":\"WebPage\",\"@id\":\"https:\/\/grupovalpi.com\/\",\"url\":\"https:\/\/grupovalpi.com\/\",\"name\":\"Grupo Valpi - Grupo Valpi\",\"isPartOf\":{\"@id\":\"https:\/\/grupovalpi.com\/#website\"},\"primaryImageOfPage\":{\"@id\":\"https:\/\/grupovalpi.com\/#primaryimage\"},\"image\":{\"@id\":\"https:\/\/grupovalpi.com\/#primaryimage\"},\"thumbnailUrl\":\"https:\/\/grupovalpi.com\/wp-content\/uploads\/2024\/08\/logo12.png\",\"datePublished\":\"2024-08-05T23:40:41+00:00\",\"dateModified\":\"2024-08-14T21:42:49+00:00\",\"breadcrumb\":{\"@id\":\"https:\/\/grupovalpi.com\/#breadcrumb\"},\"inLanguage\":\"es\",\"potentialAction\":[{\"@type\":\"ReadAction\",\"target\":[\"https:\/\/grupovalpi.com\/\"]}]},{\"@type\":\"ImageObject\",\"inLanguage\":\"es\",\"@id\":\"https:\/\/grupovalpi.com\/#primaryimage\",\"url\":\"https:\/\/grupovalpi.com\/wp-content\/uploads\/2024\/08\/logo12.png\",\"contentUrl\":\"https:\/\/grupovalpi.com\/wp-content\/uploads\/2024\/08\/logo12.png\",\"width\":547,\"height\":164},{\"@type\":\"BreadcrumbList\",\"@id\":\"https:\/\/grupovalpi.com\/#breadcrumb\",\"itemListElement\":[{\"@type\":\"ListItem\",\"position\":1,\"name\":\"Portada\",\"item\":\"https:\/\/grupovalpi.com\/\"},{\"@type\":\"ListItem\",\"position\":2,\"name\":\"Grupo Valpi\"}]},{\"@type\":\"WebSite\",\"@id\":\"https:\/\/grupovalpi.com\/#website\",\"url\":\"https:\/\/grupovalpi.com\/\",\"name\":\"Grupo Valpi\",\"description\":\"\",\"potentialAction\":[{\"@type\":\"SearchAction\",\"target\":{\"@type\":\"EntryPoint\",\"urlTemplate\":\"https:\/\/grupovalpi.com\/?s={search_term_string}\"},\"query-input\":{\"@type\":\"PropertyValueSpecification\",\"valueRequired\":true,\"valueName\":\"search_term_string\"}}],\"inLanguage\":\"es\"}]}<\/script>\n<!-- \/ Yoast SEO plugin. -->","yoast_head_json":{"title":"Grupo Valpi - Grupo Valpi","robots":{"index":"index","follow":"follow","max-snippet":"max-snippet:-1","max-image-preview":"max-image-preview:large","max-video-preview":"max-video-preview:-1"},"canonical":"https:\/\/grupovalpi.com\/","og_locale":"es_ES","og_type":"article","og_title":"Grupo Valpi - Grupo Valpi","og_description":"Somos tu mejor opci\u00f3n Quienes somos Ver m\u00e1s Grupo Valpi-Caral es un grupo empresarial y de inversi\u00f3n y de inversi\u00f3n 100% mexicano enfocado en diversos sectores como son el inmobiliario, la construcci\u00f3n, tecnolog\u00eda y servicios. Comprometidos con M\u00e9xico buscamos proyectos de inversi\u00f3n con equipos innovadores\u00a0 para sumarnos a su esfuerzo por el desarrollo del pa\u00eds. [&hellip;]","og_url":"https:\/\/grupovalpi.com\/","og_site_name":"Grupo Valpi","article_modified_time":"2024-08-14T21:42:49+00:00","og_image":[{"url":"https:\/\/grupovalpi.com\/wp-content\/uploads\/2024\/08\/logo12.png","type":"","width":"","height":""}],"twitter_card":"summary_large_image","twitter_misc":{"Tiempo de lectura":"2 minutos"},"schema":{"@context":"https:\/\/schema.org","@graph":[{"@type":"WebPage","@id":"https:\/\/grupovalpi.com\/","url":"https:\/\/grupovalpi.com\/","name":"Grupo Valpi - Grupo Valpi","isPartOf":{"@id":"https:\/\/grupovalpi.com\/#website"},"primaryImageOfPage":{"@id":"https:\/\/grupovalpi.com\/#primaryimage"},"image":{"@id":"https:\/\/grupovalpi.com\/#primaryimage"},"thumbnailUrl":"https:\/\/grupovalpi.com\/wp-content\/uploads\/2024\/08\/logo12.png","datePublished":"2024-08-05T23:40:41+00:00","dateModified":"2024-08-14T21:42:49+00:00","breadcrumb":{"@id":"https:\/\/grupovalpi.com\/#breadcrumb"},"inLanguage":"es","potentialAction":[{"@type":"ReadAction","target":["https:\/\/grupovalpi.com\/"]}]},{"@type":"ImageObject","inLanguage":"es","@id":"https:\/\/grupovalpi.com\/#primaryimage","url":"https:\/\/grupovalpi.com\/wp-content\/uploads\/2024\/08\/logo12.png","contentUrl":"https:\/\/grupovalpi.com\/wp-content\/uploads\/2024\/08\/logo12.png","width":547,"height":164},{"@type":"BreadcrumbList","@id":"https:\/\/grupovalpi.com\/#breadcrumb","itemListElement":[{"@type":"ListItem","position":1,"name":"Portada","item":"https:\/\/grupovalpi.com\/"},{"@type":"ListItem","position":2,"name":"Grupo Valpi"}]},{"@type":"WebSite","@id":"https:\/\/grupovalpi.com\/#website","url":"https:\/\/grupovalpi.com\/","name":"Grupo Valpi","description":"","potentialAction":[{"@type":"SearchAction","target":{"@type":"EntryPoint","urlTemplate":"https:\/\/grupovalpi.com\/?s={search_term_string}"},"query-input":{"@type":"PropertyValueSpecification","valueRequired":true,"valueName":"search_term_string"}}],"inLanguage":"es"}]}},"_links":{"self":[{"href":"https:\/\/grupovalpi.com\/index.php\/wp-json\/wp\/v2\/pages\/2","targetHints":{"allow":["GET"]}}],"collection":[{"href":"https:\/\/grupovalpi.com\/index.php\/wp-json\/wp\/v2\/pages"}],"about":[{"href":"https:\/\/grupovalpi.com\/index.php\/wp-json\/wp\/v2\/types\/page"}],"author":[{"embeddable":true,"href":"https:\/\/grupovalpi.com\/index.php\/wp-json\/wp\/v2\/users\/1"}],"replies":[{"embeddable":true,"href":"https:\/\/grupovalpi.com\/index.php\/wp-json\/wp\/v2\/comments?post=2"}],"version-history":[{"count":162,"href":"https:\/\/grupovalpi.com\/index.php\/wp-json\/wp\/v2\/pages\/2\/revisions"}],"predecessor-version":[{"id":362,"href":"https:\/\/grupovalpi.com\/index.php\/wp-json\/wp\/v2\/pages\/2\/revisions\/362"}],"wp:attachment":[{"href":"https:\/\/grupovalpi.com\/index.php\/wp-json\/wp\/v2\/media?parent=2"}],"curies":[{"name":"wp","href":"https:\/\/api.w.org\/{rel}","templated":true}]}}